 remainder when 2864 is divided by 322.
288
Calculate the remainder when 295 is divided by 136.
23
Calculate the remainder when 5397 is divided by 8.
5
What is the remainder when 2243 is divided by 50?
43
What is the remainder when 627 is divided by 207?
6
Calculate the remainder when 8776 is divided by 131.
130
Calculate the remainder when 5119 is divided by 81.
16
Calculate the remainder when 2710 is divided by 12.
10
Calculate the remainder when 22 is divided by 6.
4
Calculate the remainder when 86 is divided by 45.
41
What is the remainder when 2292 is divided by 82?
78
What is the remainder when 2495 is divided by 21?
17
Calculate the remainder when 5543 is divided by 18.
17
Calculate the remainder when 230 is divided by 33.
32
Calculate the remainder when 343 is divided by 336.
7
What is the remainder when 507 is divided by 124?
11
What is the remainder when 245 is divided by 66?
47
What is the remainder when 445 is divided by 222?
1
Calculate the remainder when 1335 is divided by 8.
7
Calculate the remainder when 3363 is divided by 51.
48
What is the remainder when 433 is divided by 110?
103
What is the remainder when 483 is divided by 54?
51
Calculate the remainder when 289 is divided by 77.
58
What is the remainder when 305 is divided by 38?
1
What is the remainder when 1301 is divided by 31?
30
What is the remainder when 224 is divided by 75?
74
What is the remainder when 91 is divided by 55?
36
What is the remainder when 457 is divided by 105?
37
What is the remainder when 418 is divided by 293?
125
Calculate the remainder when 59 is divided by 3.
2
Calculate the remainder when 569 is divided by 36.
29
What is the remainder when 10857 is divided by 122?
121
What is the remainder when 95 is divided by 32?
31
Calculate the remainder when 591 is divided by 26.
19
Calculate the remainder when 319 is divided by 23.
20
Calculate the remainder when 81 is divided by 7.
4
Calculate the remainder when 309 is divided by 13.
10
Calculate the remainder when 22 is divided by 15.
7
What is the remainder when 222 is divided by 72?
6
What is the remainder when 105706 is divided by 92?
90
Calculate the remainder when 21277 is divided by 32.
29
Calculate the remainder when 112 is divided by 44.
24
What is the remainder when 1106 is divided by 41?
40
What is the remainder when 382 is divided by 43?
38
Calculate the remainder when 72 is divided by 70.
2
Calculate the remainder when 1869 is divided by 618.
15
Calculate the remainder when 848 is divided by 17.
15
What is the remainder when 459 is divided by 119?
102
What is the remainder when 8940 is divided by 208?
204
Calculate the remainder when 153 is divided by 7.
6
What is the remainder when 166 is divided by 56?
54
Calculate the remainder when 3119 is divided by 60.
59
Calculate the remainder when 348 is divided by 39.
36
What is the remainder when 140 is divided by 15?
5
Calculate the remainder when 82 is divided by 77.
5
What is the remainder when 342 is divided by 115?
112
Calculate the remainder when 93 is divided by 14.
9
Calculate the remainder when 135 is divided by 14.
9
Calculate the remainder when 8751 is divided by 27.
3
Calculate the remainder when 7581 is divided by 223.
222
Calculate the remainder when 613 is divided by 2.
1
Calculate the remainder when 86 is divided by 11.
9
Calculate the remainder when 53 is divided by 6.
5
What is the remainder when 1721 is divided by 10?
1
What is the remainder when 56 is divided by 46?
10
What is the remainder when 150 is divided by 26?
20
What is the remainder when 565 is divided by 117?
97
What is the remainder when 441 is divided by 4?
1
Calculate the remainder when 138 is divided by 70.
68
What is the remainder when 236 is divided by 40?
36
Calculate the remainder when 720 is divided by 33.
27
Calculate the remainder when 212 is divided by 24.
20
What is the remainder when 398 is divided by 122?
32
Calculate the remainder when 1786 is divided by 19.
0
Calculate the remainder when 1823 is divided by 24.
23
Calculate the remainder when 352 is divided by 5.
2
Calculate the remainder when 22 is divided by 9.
4
Calculate the remainder when 521 is divided by 141.
98
What is the remainder when 376 is divided by 54?
52
What is the remainder when 3561 is divided by 108?
105
What is the remainder when 314 is divided by 162?
152
What is the remainder when 834 is divided by 5?
4
What is the remainder when 330 is divided by 108?
6
What is the remainder when 2502 is divided by 193?
186
Calculate the remainder when 732 is divided by 76.
48
Calculate the remainder when 55 is divided by 19.
17
What is the remainder when 61 is divided by 23?
15
What is the remainder when 997 is divided by 52?
9
Calculate the remainder when 75 is divided by 30.
15
What is the remainder when 87 is divided by 19?
11
What is the remainder when 711 is divided by 16?
7
Calculate the remainder when 775 is divided by 97.
96
What is the remainder when 187 is divided by 91?
5
Calculate the remainder when 87 is divided by 44.
43
Calculate the remainder when 3179 is divided by 266.
253
Calculate the remainder when 25 is divided by 8.
1
What is the remainder when 952 is divided by 44?
28
Calculate the remainder when 3119 is divided by 44.
39
What is the remainder when 875 is divided by 288?
11
Calculate the remainder when 112 is divided by 95.
17
What is the remainder when 508 is divided by 25?
8
What is the remainder when 130 is divided by 124?
6
What is the remainder when 710 is divided by 31?
28
Calculate the remainder when 851 is divided by 98.
67
Calculate the remainder when 123 is divided by 56.
11
Calculate the remainder when 130 is divided by 53.
24
What is the remainder when 17 is divided by 10?
7
What is the remainder when 1864 is divided by 466?
0
Calculate the remainder when 698 is divided by 20.
18
Calculate the remainder when 1114 is divided by 125.
114
Calculate the remainder when 190 is divided by 48.
46
Calculate the remainder when 798 is divided by 259.
21
Calculate the remainder when 115 is divided by 105.
10
What is the remainder when 35 is divided by 8?
3
Calculate the remainder when 666 is divided by 17.
3
What is the remainder when 1468 is divided by 113?
112
Calculate the remainder when 170 is divided by 26.
14
Calculate the remainder when 298 is divided by 288.
10
What is the remainder when 1979 is divided by 16?
11
What is the remainder when 25 is divided by 4?
1
What is the remainder when 823 is divided by 32?
23
Calculate the remainder when 226 is divided by 222.
4
What is the remainder when 727 is divided by 14?
13
Calculate the remainder when 316 is divided by 64.
60
Calculate the remainder when 192 is divided by 13.
10
What is the remainder when 454 is divided by 132?
58
Calculate the remainder when 314 is divided by 21.
20
Calculate the remainder when 104 is divided by 27.
23
Calculate the remainder when 79 is divided by 5.
4
What is the remainder when 1558 is divided by 476?
130
What is the remainder when 23774 is divided by 32?
30
Calculate the remainder when 6321 is divided by 68.
65
What is the remainder when 13 is divided by 9?
4
What is the remainder when 61 is divided by 27?
7
Calculate the remainder when 1437 is divided by 45.
42
Calculate the remainder when 541 is divided by 198.
145
Calculate the remainder when 341 is divided by 8.
5
What is the remainder when 200 is divided by 43?
28
What is the remainder when 292 is divided by 14?
12
What is the remainder when 5357 is divided by 112?
93
Calculate the remainder when 7795 is divided by 60.
55
Calculate the remainder when 174 is divided by 95.
79
What is the remainder when 83 is divided by 44?
39
Calculate the remainder when 197 is divided by 40.
37
Calculate the remainder when 888 is divided by 81.
78
Calculate the remainder when 418 is divided by 35.
33
What is the remainder when 559 is divided by 94?
89
What is the remainder when 2410 is divided by 174?
148
What is the remainder when 323 is divided by 123?
77
What is the remainder when 318 is divided by 101?
15
What is the remainder when 244 is divided by 35?
34
What is the remainder when 686 is divided by 96?
14
Calculate the remainder when 67 is divided by 4.
3
What is the remainder when 310 is divided by 24?
22
Calculate the remainder whe